{"id":28295,"date":"2015-12-24T09:36:17","date_gmt":"2015-12-24T14:36:17","guid":{"rendered":"https:\/\/www.aicanada.ca\/fr\/awards\/presidents-citation\/"},"modified":"2025-10-31T21:48:16","modified_gmt":"2025-11-01T01:48:16","slug":"presidents-citation","status":"publish","type":"page","link":"https:\/\/www.aicanada.ca\/fr\/a-propos-de-lice\/prix-benevoles\/presidents-citation\/","title":{"rendered":"Citation du pr\u00e9sident"},"content":{"rendered":"\n<h3 class=\"wp-block-heading\">La citation du pr\u00e9sident est une r\u00e9compense prestigieuse d\u00e9cern\u00e9e aux b\u00e9n\u00e9voles de l\u2019Institut canadien des \u00e9valuateurs (ICE). Cette distinction est remise au choix du pr\u00e9sident sortant aux b\u00e9n\u00e9voles de longue date qui ont \u0153uvr\u00e9 au sein de comit\u00e9s et qui ont fait preuve de leadership et d\u2019engagement.<\/h3>\n\n\n\n<div style=\"height:22px\" aria-hidden=\"true\" class=\"wp-block-spacer\"><\/div>\n\n\n\n<div class=\"wp-block-columns is-layout-flex wp-container-core-columns-is-layout-28f84493 wp-block-columns-is-layout-flex\">\n<div class=\"wp-block-column is-layout-flow wp-block-column-is-layout-flow\">\n<details class=\"wp-block-details is-style-aic-grey-border-details is-layout-flow wp-block-details-is-layout-flow\"><summary>R\u00e9cipiendaires de 2025<\/summary>\n<ul class=\"wp-block-list\">\n<li>Terry Brooke, P App., AACI<\/li>\n<\/ul>\n<\/details>\n\n\n\n<details class=\"wp-block-details is-style-aic-grey-border-details is-layout-flow wp-block-details-is-layout-flow\"><summary>R\u00e9cipiendaires de 2024<\/summary>\n<ul class=\"wp-block-list\">\n<li>Suzanne de Jong, \u00c9. Pro., AACI, Fellow<\/li>\n<\/ul>\n<\/details>\n\n\n\n<details class=\"wp-block-details is-style-aic-grey-border-details is-layout-flow wp-block-details-is-layout-flow\"><summary>R\u00e9cipiendaires de 2023<\/summary>\n<ul class=\"wp-block-list\">\n<li>Claudio Polito, \u00c9. Pro., AACI<\/li>\n\n\n\n<li>Andr\u00e9 Pouliot, \u00c9. Pro., AACI, Fellow<\/li>\n<\/ul>\n<\/details>\n\n\n\n<details class=\"wp-block-details is-style-aic-grey-border-details is-layout-flow wp-block-details-is-layout-flow\"><summary>R\u00e9cipiendaires de 2022<\/summary>\n<p>&lt;b&gt;Aucun n&rsquo;a \u00e9t\u00e9 attribu\u00e9.&lt;\/b&gt;<\/p>\n<\/details>\n\n\n\n<details class=\"wp-block-details is-style-aic-grey-border-details is-layout-flow wp-block-details-is-layout-flow\"><summary>R\u00e9cipiendaires de 2021<\/summary>\n<p>Thomas Fox, \u00c9. Pro., AACI, Fellow<\/p>\n<\/details>\n\n\n\n<details class=\"wp-block-details is-style-aic-grey-border-details is-layout-flow wp-block-details-is-layout-flow\"><summary>R\u00e9cipiendaires de 2020<\/summary>\n<p>Peter Mclean, \u00c9. Pro., AACI, Fellow<\/p>\n<\/details>\n\n\n\n<details class=\"wp-block-details is-style-aic-grey-border-details is-layout-flow wp-block-details-is-layout-flow\"><summary>R\u00e9cipiendaires de 2019<\/summary>\n<ul class=\"wp-block-list\">\n<li>Christopher Whyte, \u00c9. Pro., AACI<\/li>\n\n\n\n<li>Dallas Maynard, \u00c9. Pro., AACI<\/li>\n<\/ul>\n<\/details>\n\n\n\n<details class=\"wp-block-details is-style-aic-grey-border-details is-layout-flow wp-block-details-is-layout-flow\"><summary>R\u00e9cipiendaires de 2018<\/summary>\n<p>&lt;b&gt;Aucun n&rsquo;a \u00e9t\u00e9 attribu\u00e9.&lt;\/b&gt;<\/p>\n<\/details>\n\n\n\n<details class=\"wp-block-details is-style-aic-grey-border-details is-layout-flow wp-block-details-is-layout-flow\"><summary>R\u00e9cipiendaires de 2017<\/summary>\n<ul class=\"wp-block-list\">\n<li>Glenn Fletcher, \u00c9. Pro., CRA<\/li>\n\n\n\n<li>Phil Kempton, \u00c9. Pro., AACI<\/li>\n\n\n\n<li>Terry Brooke, \u00c9. Pro., AACI<\/li>\n<\/ul>\n<\/details>\n\n\n\n<details class=\"wp-block-details is-style-aic-grey-border-details is-layout-flow wp-block-details-is-layout-flow\"><summary>R\u00e9cipiendaires de 2016<\/summary>\n<ul class=\"wp-block-list\">\n<li>Mike Schulkowsky, \u00c9. Pro., AACI<\/li>\n\n\n\n<li>Rosmarie Buxbaum<\/li>\n<\/ul>\n<\/details>\n\n\n\n<details class=\"wp-block-details is-style-aic-grey-border-details is-layout-flow wp-block-details-is-layout-flow\"><summary>R\u00e9cipiendaires de 2015<\/summary>\n<ul class=\"wp-block-list\">\n<li>Cherie Gaudet, \u00c9. Pro., CRA<\/li>\n\n\n\n<li>Linda Hastings, \u00c9. Pro., AACI<\/li>\n\n\n\n<li>Mario Musso, \u00c9. Pro., AACI<\/li>\n\n\n\n<li>Michael Lee, \u00c9. Pro., AACI<\/li>\n<\/ul>\n<\/details>\n<\/div>\n\n\n\n<div class=\"wp-block-column is-layout-flow wp-block-column-is-layout-flow\">\n<details class=\"wp-block-details is-style-aic-grey-border-details is-layout-flow wp-block-details-is-layout-flow\"><summary>R\u00e9cipiendaires de 2014<\/summary>\n<ul class=\"wp-block-list\">\n<li>Michael Wootton, \u00c9. Pro., AACI<\/li>\n\n\n\n<li>John Shevchuk, AACI (Hon.)<\/li>\n\n\n\n<li>Laura Kemp, \u00c9. Pro., CRA<\/li>\n<\/ul>\n<\/details>\n\n\n\n<details class=\"wp-block-details is-style-aic-grey-border-details is-layout-flow wp-block-details-is-layout-flow\"><summary>R\u00e9cipiendaires de 2013<\/summary>\n<ul class=\"wp-block-list\">\n<li>Pat Cooper, \u00c9. Pro., AACI<\/li>\n\n\n\n<li>Robert Telford, \u00c9. Pro., AACI<\/li>\n\n\n\n<li>Deana Halladay, \u00c9. Pro., CRA<\/li>\n\n\n\n<li>Orville Lim, \u00c9. Pro., AACI<\/li>\n\n\n\n<li>Garry Doucette, \u00c9. Pro., AACI<\/li>\n\n\n\n<li>Tyler Beatty, membre stagiaire<\/li>\n<\/ul>\n<\/details>\n\n\n\n<details class=\"wp-block-details is-style-aic-grey-border-details is-layout-flow wp-block-details-is-layout-flow\"><summary>R\u00e9cipiendaires de 2012<\/summary>\n<p>Peter Lawrek, \u00c9. Pro., AACI, Fellow<\/p>\n<\/details>\n\n\n\n<details class=\"wp-block-details is-style-aic-grey-border-details is-layout-flow wp-block-details-is-layout-flow\"><summary>R\u00e9cipiendaires de 2011<\/summary>\n<ul class=\"wp-block-list\">\n<li>Deana Halladay, \u00c9. Pro., CRA<\/li>\n\n\n\n<li>Beverley Girvan, \u00c9. Pro., AACI, Fellow<\/li>\n\n\n\n<li>George Semine, \u00c9. Pro., AACI<\/li>\n<\/ul>\n<\/details>\n\n\n\n<details class=\"wp-block-details is-style-aic-grey-border-details is-layout-flow wp-block-details-is-layout-flow\"><summary>R\u00e9cipiendaires de 2010<\/summary>\n<p>Membres du groupe de travail CGE :<\/p>\n\n\n\n<ul class=\"wp-block-list\">\n<li>George Ward, \u00c9. Pro., AACI<\/li>\n\n\n\n<li>Dan Wilson, \u00c9. Pro., AACI<\/li>\n\n\n\n<li>Paula Malcolm-Schaller, \u00c9. Pro., CRA<\/li>\n\n\n\n<li>Dino Giuliani, \u00c9. Pro., AACI<\/li>\n\n\n\n<li>Richard Graves, \u00c9. Pro., CRA<\/li>\n\n\n\n<li>John Hutchinson, \u00c9. Pro., AACI<\/li>\n\n\n\n<li>Greg Wilkinson, \u00c9. Pro., AACI<\/li>\n<\/ul>\n<\/details>\n\n\n\n<details class=\"wp-block-details is-style-aic-grey-border-details is-layout-flow wp-block-details-is-layout-flow\"><summary>R\u00e9cipiendaires de 2009<\/summary>\n<ul class=\"wp-block-list\">\n<li>Paul Olscamp, \u00c9. Pro., AACI, Fellow<\/li>\n\n\n\n<li>Beverley Girvan, \u00c9. Pro., AACI, Fellow<\/li>\n\n\n\n<li>Craig Soderquist, \u00c9. Pro., AACI, Fellow<\/li>\n<\/ul>\n<\/details>\n\n\n\n<details class=\"wp-block-details is-style-aic-grey-border-details is-layout-flow wp-block-details-is-layout-flow\"><summary>R\u00e9cipiendaires de 2008<\/summary>\n<p>&lt;b&gt;Aucun n&rsquo;a \u00e9t\u00e9 attribu\u00e9.&lt;\/b&gt;<\/p>\n<\/details>\n\n\n\n<details class=\"wp-block-details is-style-aic-grey-border-details is-layout-flow wp-block-details-is-layout-flow\"><summary>R\u00e9cipiendaires de 2007<\/summary>\n<ul class=\"wp-block-list\">\n<li>Michael Garcelon, \u00c9. Pro., AACI<\/li>\n\n\n\n<li>Blair Sinclair, \u00c9. Pro., AACI<\/li>\n<\/ul>\n<\/details>\n\n\n\n<details class=\"wp-block-details is-style-aic-grey-border-details is-layout-flow wp-block-details-is-layout-flow\"><summary>R\u00e9cipiendaires de 2006<\/summary>\n<ul class=\"wp-block-list\">\n<li>Wayne Kipp, \u00c9. Pro., AACI<\/li>\n\n\n\n<li>David Babineau, \u00c9. Pro., AACI, Fellow<\/li>\n<\/ul>\n\n\n\n<p>Membres du comit\u00e9 de pilotage des meilleures pratiques :<\/p>\n\n\n\n<ul class=\"wp-block-list\">\n<li>Wayne Crawford, \u00c9. Pro., AACI<\/li>\n\n\n\n<li>Jean-Pierre Gagnon, \u00c9A<\/li>\n\n\n\n<li>Richard Lahaye, \u00c9. Pro., AACI<\/li>\n\n\n\n<li>James Racine, \u00c9. Pro., AACI<\/li>\n\n\n\n<li>Doug Rundell, \u00c9. Pro., AACI<\/li>\n<\/ul>\n<\/details>\n\n\n\n<details class=\"wp-block-details is-style-aic-grey-border-details is-layout-flow wp-block-details-is-layout-flow\"><summary>R\u00e9cipiendaires de 2005<\/summary>\n<p>Laurent Brosseau, \u00c9. Pro., AACI, Fellow<\/p>\n\n\n\n<p>Certificats de reconnaissance :<\/p>\n\n\n\n<ul class=\"wp-block-list\">\n<li>Louis Poirer, \u00c9. Pro., AACI<\/li>\n\n\n\n<li>Chris Dumfries, \u00c9. Pro., AACI<\/li>\n<\/ul>\n<\/details>\n<\/div>\n<\/div>\n","protected":false},"excerpt":{"rendered":"<p>La citation du pr\u00e9sident est une r\u00e9compense prestigieuse d\u00e9cern\u00e9e aux b\u00e9n\u00e9voles de l\u2019Institut canadien des \u00e9valuateurs (ICE). Cette distinction est remise au choix du pr\u00e9sident<\/p>\n","protected":false},"author":4,"featured_media":0,"parent":51000,"menu_order":0,"comment_status":"closed","ping_status":"closed","template":"","meta":{"_acf_changed":false,"_relevanssi_hide_post":"","_relevanssi_hide_content":"","_relevanssi_pin_for_all":"","_relevanssi_pin_keywords":"","_relevanssi_unpin_keywords":"","_relevanssi_related_keywords":"","_relevanssi_related_include_ids":"","_relevanssi_related_exclude_ids":"","_relevanssi_related_no_append":"","_relevanssi_related_not_related":"","_relevanssi_related_posts":"","_relevanssi_noindex_reason":"","_lmt_disableupdate":"","_lmt_disable":"","footnotes":""},"class_list":["post-28295","page","type-page","status-publish","hentry"],"acf":[],"_links":{"self":[{"href":"https:\/\/www.aicanada.ca\/fr\/wp-json\/wp\/v2\/pages\/28295","targetHints":{"allow":["GET"]}}],"collection":[{"href":"https:\/\/www.aicanada.ca\/fr\/wp-json\/wp\/v2\/pages"}],"about":[{"href":"https:\/\/www.aicanada.ca\/fr\/wp-json\/wp\/v2\/types\/page"}],"author":[{"embeddable":true,"href":"https:\/\/www.aicanada.ca\/fr\/wp-json\/wp\/v2\/users\/4"}],"replies":[{"embeddable":true,"href":"https:\/\/www.aicanada.ca\/fr\/wp-json\/wp\/v2\/comments?post=28295"}],"version-history":[{"count":15,"href":"https:\/\/www.aicanada.ca\/fr\/wp-json\/wp\/v2\/pages\/28295\/revisions"}],"predecessor-version":[{"id":153990,"href":"https:\/\/www.aicanada.ca\/fr\/wp-json\/wp\/v2\/pages\/28295\/revisions\/153990"}],"up":[{"embeddable":true,"href":"https:\/\/www.aicanada.ca\/fr\/wp-json\/wp\/v2\/pages\/51000"}],"wp:attachment":[{"href":"https:\/\/www.aicanada.ca\/fr\/wp-json\/wp\/v2\/media?parent=28295"}],"curies":[{"name":"wp","href":"https:\/\/api.w.org\/{rel}","templated":true}]}}

Citation du président

<h3 class="wp-block-heading">La citation du président est une récompense prestigieuse décernée aux bénévoles de l’Institut canadien des évaluateurs (ICE). Cette distinction est remise au choix du président sortant aux bénévoles de longue date qui ont œuvré au sein de comités et qui ont fait preuve de leadership et d’engagement.</h3>



<div style="height:22px" aria-hidden="true" class="wp-block-spacer"></div>



<div class="wp-block-columns is-layout-flex wp-container-core-columns-is-layout-28f84493 wp-block-columns-is-layout-flex">
<div class="wp-block-column is-layout-flow wp-block-column-is-layout-flow">
<details class="wp-block-details is-style-aic-grey-border-details is-layout-flow wp-block-details-is-layout-flow"><summary>Récipiendaires de 2025</summary>
<ul class="wp-block-list">
<li>Terry Brooke, P App., AACI</li>
</ul>
</details>



<details class="wp-block-details is-style-aic-grey-border-details is-layout-flow wp-block-details-is-layout-flow"><summary>Récipiendaires de 2024</summary>
<ul class="wp-block-list">
<li>Suzanne de Jong, É. Pro., AACI, Fellow</li>
</ul>
</details>



<details class="wp-block-details is-style-aic-grey-border-details is-layout-flow wp-block-details-is-layout-flow"><summary>Récipiendaires de 2023</summary>
<ul class="wp-block-list">
<li>Claudio Polito, É. Pro., AACI</li>



<li>André Pouliot, É. Pro., AACI, Fellow</li>
</ul>
</details>



<details class="wp-block-details is-style-aic-grey-border-details is-layout-flow wp-block-details-is-layout-flow"><summary>Récipiendaires de 2022</summary>
<p>&lt;b&gt;Aucun n&rsquo;a été attribué.&lt;/b&gt;</p>
</details>



<details class="wp-block-details is-style-aic-grey-border-details is-layout-flow wp-block-details-is-layout-flow"><summary>Récipiendaires de 2021</summary>
<p>Thomas Fox, É. Pro., AACI, Fellow</p>
</details>



<details class="wp-block-details is-style-aic-grey-border-details is-layout-flow wp-block-details-is-layout-flow"><summary>Récipiendaires de 2020</summary>
<p>Peter Mclean, É. Pro., AACI, Fellow</p>
</details>



<details class="wp-block-details is-style-aic-grey-border-details is-layout-flow wp-block-details-is-layout-flow"><summary>Récipiendaires de 2019</summary>
<ul class="wp-block-list">
<li>Christopher Whyte, É. Pro., AACI</li>



<li>Dallas Maynard, É. Pro., AACI</li>
</ul>
</details>



<details class="wp-block-details is-style-aic-grey-border-details is-layout-flow wp-block-details-is-layout-flow"><summary>Récipiendaires de 2018</summary>
<p>&lt;b&gt;Aucun n&rsquo;a été attribué.&lt;/b&gt;</p>
</details>



<details class="wp-block-details is-style-aic-grey-border-details is-layout-flow wp-block-details-is-layout-flow"><summary>Récipiendaires de 2017</summary>
<ul class="wp-block-list">
<li>Glenn Fletcher, É. Pro., CRA</li>



<li>Phil Kempton, É. Pro., AACI</li>



<li>Terry Brooke, É. Pro., AACI</li>
</ul>
</details>



<details class="wp-block-details is-style-aic-grey-border-details is-layout-flow wp-block-details-is-layout-flow"><summary>Récipiendaires de 2016</summary>
<ul class="wp-block-list">
<li>Mike Schulkowsky, É. Pro., AACI</li>



<li>Rosmarie Buxbaum</li>
</ul>
</details>



<details class="wp-block-details is-style-aic-grey-border-details is-layout-flow wp-block-details-is-layout-flow"><summary>Récipiendaires de 2015</summary>
<ul class="wp-block-list">
<li>Cherie Gaudet, É. Pro., CRA</li>



<li>Linda Hastings, É. Pro., AACI</li>



<li>Mario Musso, É. Pro., AACI</li>



<li>Michael Lee, É. Pro., AACI</li>
</ul>
</details>
</div>



<div class="wp-block-column is-layout-flow wp-block-column-is-layout-flow">
<details class="wp-block-details is-style-aic-grey-border-details is-layout-flow wp-block-details-is-layout-flow"><summary>Récipiendaires de 2014</summary>
<ul class="wp-block-list">
<li>Michael Wootton, É. Pro., AACI</li>



<li>John Shevchuk, AACI (Hon.)</li>



<li>Laura Kemp, É. Pro., CRA</li>
</ul>
</details>



<details class="wp-block-details is-style-aic-grey-border-details is-layout-flow wp-block-details-is-layout-flow"><summary>Récipiendaires de 2013</summary>
<ul class="wp-block-list">
<li>Pat Cooper, É. Pro., AACI</li>



<li>Robert Telford, É. Pro., AACI</li>



<li>Deana Halladay, É. Pro., CRA</li>



<li>Orville Lim, É. Pro., AACI</li>



<li>Garry Doucette, É. Pro., AACI</li>



<li>Tyler Beatty, membre stagiaire</li>
</ul>
</details>



<details class="wp-block-details is-style-aic-grey-border-details is-layout-flow wp-block-details-is-layout-flow"><summary>Récipiendaires de 2012</summary>
<p>Peter Lawrek, É. Pro., AACI, Fellow</p>
</details>



<details class="wp-block-details is-style-aic-grey-border-details is-layout-flow wp-block-details-is-layout-flow"><summary>Récipiendaires de 2011</summary>
<ul class="wp-block-list">
<li>Deana Halladay, É. Pro., CRA</li>



<li>Beverley Girvan, É. Pro., AACI, Fellow</li>



<li>George Semine, É. Pro., AACI</li>
</ul>
</details>



<details class="wp-block-details is-style-aic-grey-border-details is-layout-flow wp-block-details-is-layout-flow"><summary>Récipiendaires de 2010</summary>
<p>Membres du groupe de travail CGE :</p>



<ul class="wp-block-list">
<li>George Ward, É. Pro., AACI</li>



<li>Dan Wilson, É. Pro., AACI</li>



<li>Paula Malcolm-Schaller, É. Pro., CRA</li>



<li>Dino Giuliani, É. Pro., AACI</li>



<li>Richard Graves, É. Pro., CRA</li>



<li>John Hutchinson, É. Pro., AACI</li>



<li>Greg Wilkinson, É. Pro., AACI</li>
</ul>
</details>



<details class="wp-block-details is-style-aic-grey-border-details is-layout-flow wp-block-details-is-layout-flow"><summary>Récipiendaires de 2009</summary>
<ul class="wp-block-list">
<li>Paul Olscamp, É. Pro., AACI, Fellow</li>



<li>Beverley Girvan, É. Pro., AACI, Fellow</li>



<li>Craig Soderquist, É. Pro., AACI, Fellow</li>
</ul>
</details>



<details class="wp-block-details is-style-aic-grey-border-details is-layout-flow wp-block-details-is-layout-flow"><summary>Récipiendaires de 2008</summary>
<p>&lt;b&gt;Aucun n&rsquo;a été attribué.&lt;/b&gt;</p>
</details>



<details class="wp-block-details is-style-aic-grey-border-details is-layout-flow wp-block-details-is-layout-flow"><summary>Récipiendaires de 2007</summary>
<ul class="wp-block-list">
<li>Michael Garcelon, É. Pro., AACI</li>



<li>Blair Sinclair, É. Pro., AACI</li>
</ul>
</details>



<details class="wp-block-details is-style-aic-grey-border-details is-layout-flow wp-block-details-is-layout-flow"><summary>Récipiendaires de 2006</summary>
<ul class="wp-block-list">
<li>Wayne Kipp, É. Pro., AACI</li>



<li>David Babineau, É. Pro., AACI, Fellow</li>
</ul>



<p>Membres du comité de pilotage des meilleures pratiques :</p>



<ul class="wp-block-list">
<li>Wayne Crawford, É. Pro., AACI</li>



<li>Jean-Pierre Gagnon, ÉA</li>



<li>Richard Lahaye, É. Pro., AACI</li>



<li>James Racine, É. Pro., AACI</li>



<li>Doug Rundell, É. Pro., AACI</li>
</ul>
</details>



<details class="wp-block-details is-style-aic-grey-border-details is-layout-flow wp-block-details-is-layout-flow"><summary>Récipiendaires de 2005</summary>
<p>Laurent Brosseau, É. Pro., AACI, Fellow</p>



<p>Certificats de reconnaissance :</p>



<ul class="wp-block-list">
<li>Louis Poirer, É. Pro., AACI</li>



<li>Chris Dumfries, É. Pro., AACI</li>
</ul>
</details>
</div>
</div>

<p>La citation du président est une récompense prestigieuse décernée aux bénévoles de l’Institut canadien des évaluateurs (ICE). Cette distinction est remise au choix du président</p>
